2 - -1 - (-1 - -2)
0
Calculate -5 - (-4 - (5 - 14)).
-10
What is (1 + -5 + 5 - -2) + -1?
2
(3 - 2) + (-1 - (7 + -4))
-3
What is 4 - 1 - 6 - -1?
-2
What is the value of 17 + -4 + 3 + -4 - 6?
6
Calculate -2 + (11 - 10) + (0 - 4).
-5
(4 - 2) + (0 - (-9 - -7))
4
What is the value of 110 + -132 + 1 + 11?
-10
12 + -5 + -13 - -2
-4
Evaluate -1 + -1 - (-8 - (-8 - -4)).
2
What is 10 + (-4 - (3 + -3 + -1))?
7
Evaluate -1 + (-4 + 5 - -4).
4
Evaluate 11 - ((-3 - -3) + 13 + -6).
4
What is -5 + 9 + -3 - 5?
-4
What is the value of -8 + 20 + (-11 - -3)?
4
What is the value of 7 + -2 + (3 - 2 - 2)?
4
What is the value of 2 + 1 + (-25 - -21) + 2?
1
Evaluate -7 + 12 - (9 + 1).
-5
-5 + 11 + (2 - (3 - 1))
6
What is the value of 1 + -7 - (-17 + 9 - 7)?
9
0 + -11 + 15 + 1
5
What is -5 - 1 - (-31 + 26) - -3?
2
Calculate 2 + (-6 - -4) - -6.
6
What is the value of -2 - (0 + -2 + 3)?
-3
What is the value of (-1 - (3 - -1)) + 3?
-2
Evaluate -4 + 3 + 1 + 0 + 4.
4
Calculate -2 + 3 + (4 - 10).
-5
Calculate -2 + (4 - (0 - (0 + -3))).
-1
Evaluate -6 + -1 + -1 + 6.
-2
-5 - (-7 + 1 + 6)
-5
Evaluate (-4 + 4 - -5) + -8.
-3
Calculate 5 + (7 - -1) + -3 + -12.
-2
Calculate (3 - 5) + 1 + -2 + 3.
0
-10 + 13 + (-4 - 4) + 1
-4
Evaluate 0 + 4 - (3 - (-5 + 4)).
0
What is (-18 - -13) + 3 - (-5 - 0)?
3
What is the value of 2 - (5 - (6 + -3)) - 5?
-5
What is -29 - -18 - (-17 + 3)?
3
What is -3 + -2 + 3 + 4?
2
What is the value of -9 + -10 + 6 + 9?
-4
What is 0 + (1 - (3 + -1 - 3))?
2
Calculate 6 + (-8 - -4 - (-1 + 7)).
-4
Calculate -4 - (-6 - 7) - 3.
6
Evaluate (-14 - (-5 + -7)) + 7.
5
What is the value of 1 + -11 + 13 + -10?
-7
Calculate -9 + (3 + 2 - 1).
-5
Calculate 1 + -2 + 0 + 4.
3
What is -3 + -6 + 14 - 10?
-5
What is the value of 1 + 13 + (-16 + 4 - -9)?
11
Calculate -16 + 16 + 0 + -2 + 1.
-1
What is -5 + -3 + (-6 + 4 - -10)?
0
-5 - (4 - 3 - 3)
-3
Calculate (-4 - 0) + 13 + 20 + -24.
5
Evaluate -5 + -1 + 30 + -26.
-2
Calculate (-5 - 1) + 5 - (0 - 0).
-1
What is the value of -4 - (-7 + -6) - 7?
2
What is the value of 18 + 6 + -11 - 4?
9
(-1 + 2 - 1) + (0 - 5)
-5
What is the value of 0 + -1 + 5 + (6 - 9)?
1
Calculate (7 - 1) + -2 - (-28 - -31).
1
Evaluate 6 + 3 + -2 + -4.
3
Evaluate (1 - 3) + (-3 - -2) + 9.
6
Calculate -1 + (7 - 4) + 3.
5
Evaluate -3 - (-15 - (-3 + -10 + 6)).
5
What is the value of -1 + -1 + -12 + (6 - -10)?
2
0 + 9 - (0 - -2)
7
(15 - (16 + -8)) + 1 + -2
6
What is 4 + 6 + (-19 - -5)?
-4
Calculate (2 + -3 - 10) + -232 + 236.
-7
What is the value of (9 - 1) + (23 - (13 - -15))?
3
What is the value of 1 - -10 - 3 - (45 - 40)?
3
Calculate 5 - -6 - -1 - (17 + -13).
8
-3 + 14 + -6 + -3
2
What is the value of -1 - (5 + -9) - -1?
4
What is (-7 - 1) + (37 - 26)?
3
Calculate 10 + (-5 - 2 - -2).
5
-3 + -9 + (-7 + 6 - -7)
-6
Calculate (8 - (-2 - -3)) + -1.
6
What is the value of -5 + 10 + (-16 - -3)?
-8
What is -3 - (0 + -7) - 2?
2
Evaluate -6 + 11 + (2 - 2).
5
What is 6 - (5 - 5) - (-2 - -2)?
6
Evaluate -7 - (-12 + (14 - 6)).
-3
Evaluate 1 + 3 + (-3 - 1).
0
What is the value of -5 - (8 + -7 - 4)?
-2
What is the value of 2 + -1 - 0 - (496 - 504)?
9
Calculate -10 + (0 + 0 + 3 - -1).
-6
What is the value of -1 + 2 + 9 + -9?
1
Calculate 0 - 3 - -4 - -2 - -2.
5
What is the value of -20 - -17 - (-1 - 3)?
1
-8 + -3 - -7 - 1
-5
Evaluate -33 + 40 + -12 + 1 + -2.
-6
What is the value of -3 + 3 - (-2 + -5 + 3)?
4
Evaluate -1 - (-5 - (3 - 6)).
1
Evaluate 0 + 5 + (3 - (-2 + 5)).
5
Evaluate (3 - (-12 - -18)) + (-1 - -1).
-3
What is 2 + -3 + (6 - 5)?
0
What is (-2 - (-20 + 6)) + -17?
-5
1 + 0 - -2 - (-49 + 47)
5
What is the value of 3 - (-3 + 6 - 3)?
3
What is the value of -8 + (-7 - (-2 + -11))?
-2
Evaluate (1 + 1 - (-34 - -26)) + -5.
5
What is 23 - 20 - (-3 + 1)?
5
Evaluate 14 + (1 + 4 - 19).
0
-1 + 6 + 18 + -15 + -4
4
Calculate (0 - 3) + (-4 - (-23 - -12)).
4
6 + -1 - ((6 - 2) + 8)
-7
Evaluate 0 + (3 - (2 + 0)).
1
Evaluate -3 - 4 - (-3 + -2).
-2
Evaluate -1 + -2 + 2 + -5 + 4.
-2
What is the value of 2 - (7 + -4 + 1)?
-2
(85 - 76) + (-4 - (-1 - 0))
6
4 + ((5 - 0) + -21 - -5)
-7
What is -1 - 1 - (2 - 7) - 3?
0
Calculate (-1 - -2) + 4 + -9.
-4
Calculate -7 - (0 - 1) - (-55 + 55).
-6
What is 7 + -5 + 1 - (-13 + 13)?
3
Calculate 1 + -1 - (-3 - 8 - -10).
1
Evaluate 0 + 2 + -4 + 2 + 1.
1
What is the value of -2 - -4 - 3 - 8 - -4?
-5
Calculate -4 - (-5 + (1 - (-2 - -3))).
1
What is 9 - (6 - (0 - (-2 - 0)))?
5
Calculate -4 + 2 + -5 - -5 - -2.
0
Calculate (-1 - 0 - 4) + 3 + 1.
-1
Evaluate -12 - -1 - ((-13 - -3) + 8).
-9
What is -3 - (1 - (1 - -2) - -4)?
-5
Calculate 5 - (-1 - -5 - -5).
-4
Calculate 1 + -5 + 6 + -13 + 6.
-5
What is the value of 5 - 6 - ((8 - 14) + 5)?
0
Calculate 7 + (3 - (-4 - -5)) + -4.
5
1 - -3 - (14 + -13)
3
Calculate (-5 - 3) + -2 + 12.
2
Calculate 6 - (9 + -5 + 1).
1
Evaluate (1 - (1 + -2)) + 1.
3
1 - (-3 - -7) - 0
-3
What is the value of 4 - (6 + -4) - 5?
-3
Evaluate -2 - 1 - (-5 + 7 + -9).
4
Evaluate 2 - -3 - (-3 - -1 - -4).
3
-183 + 176 - (-5 + 1 + 1)
-4
Calculate (6 - -2) + 1 - (-43 - -49).
3
Evaluate (-3 - -6) + -1 - 1.
1
Calculate 1 - -5 - (-8 + 7) - 2.
5
1 + 0 + (-5 - -8)
4
Evaluate 0 + 15 - (0 - -5 - -2).
8
-8 - (-6 + (-3 - (-4 + 0)))
-3
What is -2 - (-6 + (15 - 5)) - 1?
-7
What is the value of -10 + 7 - (-2 + 8 - 4)?
-5
Evaluate -1 + -4 - (4 + -4).
-5
Calculate -4 + (8 - 2) - 3.
-1
What is 198 + -200 - (1 + 3 + 0)?
-6
What is the value of -13 + 7 + (22 - 12)?
4
Evaluate 6 + (-13 - -12) + (2 - 5).
2
What is 2 + -19 + 23 - (-1 + -1)?
8
What is -4 - (6 - 4 - (11 - 2))?
3
What is (22 - 30) + (0 - -3)?
-5
What is the value of 3 - -10 - (7 + -16 - -17)?
5
-6 + (20 - (8 + -7)) + -5
8
-8 + 3 - ((-1 - 3) + -5)
4
Evaluate 4 + -15 - (-12 + -8).
9
Evaluate (0 - -2) + -4 - -3.
1
0 + 2 + 0 + 1 + 1
4
What is 1 + 2 + (0 - (-1 + 2))?
2
Evaluate -4 - (11 + -1 + -5) - -3.
-6
What is the value of (11 - 8) + 0 + -3 - 2?
-2
Calculate 1 + 0 + -1 - (-6 - -2).
4
(-3 - -8 - 12) + 1
-6
Calculate 6 - (-10 - -5 - -3) - 6.
2
Evaluate -2 + 0 - (4 + 1 + -8).
1
What is the value of 3 - (-5 - (6 - 15) - 3)?
2
What is the value of 19 - 36 - (-6 - (0 - -1))?
-10
Evaluate -5 - (1 - (3 + 1)).
-2
1 - (-5 + 4) - 3
-1
What is (5 - (6 + 5 - 6)) + -2?
-2
Evaluate 8 - (0 - (-9 - 1)).
-2
-1 - 3 - ((-5 - -8) + -6)
-1
What is the value of 24 + -5 + -7 + -7?
5
-21 - -26 - (0 + 5)
0
Evaluate -5 - (-4 + 6 + -6).
-1
What is (-10 - (-6 + -7)) + (4 - 0)?
7
Evaluate -12 + (9 - -8) + -1.
4
-45 - -43 - (-1 + 0 + 4)
-5
Calculate 9 - 8 - (-6 + 1).
6
Calculate -4 + 1 + (-16 - -1) + 23.
5
Evaluate -10 + 7 - (-9 - -1).
5
Calculate -8 - -10 - -3 - 9.
-4
Calculate 2 + 6 + -2 - 1.
5
Calculate 1 - (-3 - (-2 - 0)) - 4.
-2
2 - 0 - (-6 + -3 + 7)
4
What is -2 + -4 + 7 + -7 + 3?
-3
What is -3 - (-5 + -3) - (-3 - -12)?
-4
Evaluate 2 + (-8 - -16 - 3).
7
-3 + (-4 - -7) + -4 + 0
-4
(-5 + 10 - 7) + (5 - -1)
4
0 + 0 + -10 + 12
2
Evaluate (-2 - 15) + 9 - -14.
6
Evaluate 4 - (0 + 19 + -8).
-7
0 + -4 + -1 + 0 + 2
-3
What is -2 - (3 - 2 - -2)?
-5
What is the value of -1 - 0 - 0 - (0 - -5)?
-6
Calculate -15 + 2 + -118 + 125.
-6
Calculate (-47 - -43) + -2 + (-2 - -1).
-7
Calculate 8 - (-4 - (-19 - -7)).
0
Calculate (-4 - -5) + 1 + -5.
-3
Calculate (-11 - 2) + (-5 - -11).
-7
Calculate 7 + 0 - (60 + -57).
4
Evaluate 4 + 3 - (1 + -4 + 4).
6
Evaluate 10 + -6 + 7 + -7.
4
What is the value of (19 - (-17 + 31)) + (0 - 14)?
-9
-3 - (3 - (-2 + 1 + 4))
-3
Evaluate -6 + 2 + 2 + 1.
-1
Calculate -10 + 3 - (-7 - -8).
-8
What is -7 + 0 + (3 - 1)?
-5
Calculate 1 + -1 - (0 + 16 + -15).
-1
What is 5 + 1 + 0 + -5 + 0?
1
What is -2 - -3 - (11 - (1 + 3))?
-6
What is 8 + -7 - (2 - -4)?
-5
-1 + -4 + 7 + -5
-3
Evaluate -3 + (-2 - -2) - -8.
5
Evaluate -4 - (-3 - 2) - -1.
2
Calculate (-1 - -3) + (61 - 59).
4
What is (-22 - (-2 + -10)) + 8?
-2
4 - 4 - (6 + -2)
-4
Calculate 16 + -18 + (0 - -3) + 4.
5
What is -2 - (-8 + 2 - -1)?
3
What is the value of -2 - (2 + 3 + -4 - 1)?
-2
5 + -3 + (-1 - (-1 + -3))
5
What is the value of -3 + 5 + 1 + (-2 - 0)?
1
What is -25 + 20 + (1 - -2)?
-2
Evaluate -9 - (16 + -8 - 13) - -5.
1
What is the value of -4 + (-2 - -2) + (1 - 0)?
-3
What is -2 + (3 - 3) + 0?
-2
Evaluate 3 + (1 - -1) + 0 + -8.
-3
Evaluate -4 - ((10 - 5) + -5).
-4
Calculate -1 + (8 - (20 - 11)).
-2
What is 12 + (-3 - (11 + -11))?
9
What is -31 + 24 + (-1 - (2 + -4))?
-6
What is 